{"id":31,"date":"2024-03-12T08:18:10","date_gmt":"2024-03-12T08:18:10","guid":{"rendered":"https:\/\/budaorsiszekelykor.hu\/fooldal\/"},"modified":"2024-04-11T12:32:30","modified_gmt":"2024-04-11T12:32:30","slug":"fooldal","status":"publish","type":"page","link":"https:\/\/budaorsiszekelykor.hu\/fooldal\/","title":{"rendered":"F\u0151oldal"},"content":{"rendered":"\t\t<div data-elementor-type=\"wp-page\" data-elementor-id=\"31\" class=\"elementor elementor-31\">\n\t\t\t\t<div class=\"elementor-element elementor-element-e5e4e70 e-flex e-con-boxed wpr-particle-no wpr-jarallax-no wpr-parallax-no wpr-sticky-section-no e-con e-parent\" data-id=\"e5e4e70\" data-element_type=\"container\">\n\t\t\t\t\t<div class=\"e-con-inner\">\n\t\t\t\t<div class=\"elementor-element elementor-element-5f0ba75 elementor-widget elementor-widget-image\" data-id=\"5f0ba75\" data-element_type=\"widget\" data-widget_type=\"image.default\">\n\t\t\t\t<div class=\"elementor-widget-container\">\n\t\t\t\t\t\t\t\t\t\t\t\t\t\t\t<img fetchpriority=\"high\" decoding=\"async\" width=\"1024\" height=\"414\" src=\"https:\/\/budaorsiszekelykor.hu\/wp-content\/uploads\/2024\/03\/BethlenGborlog-1024x414.jpg\" class=\"attachment-large size-large wp-image-17\" alt=\"\" srcset=\"https:\/\/budaorsiszekelykor.hu\/wp-content\/uploads\/2024\/03\/BethlenGborlog-1024x414.jpg 1024w, https:\/\/budaorsiszekelykor.hu\/wp-content\/uploads\/2024\/03\/BethlenGborlog-300x121.jpg 300w, https:\/\/budaorsiszekelykor.hu\/wp-content\/uploads\/2024\/03\/BethlenGborlog-768x310.jpg 768w, https:\/\/budaorsiszekelykor.hu\/wp-content\/uploads\/2024\/03\/BethlenGborlog-1536x621.jpg 1536w, https:\/\/budaorsiszekelykor.hu\/wp-content\/uploads\/2024\/03\/BethlenGborlog.jpg 1920w\" sizes=\"(max-width: 1024px) 100vw, 1024px\" \/>\t\t\t\t\t\t\t\t\t\t\t\t\t\t\t<\/div>\n\t\t\t\t<\/div>\n\t\t\t\t\t<\/div>\n\t\t\t\t<\/div>\n\t\t<div class=\"elementor-element elementor-element-5bca628e e-flex e-con-boxed wpr-particle-no wpr-jarallax-no wpr-parallax-no wpr-sticky-section-no e-con e-parent\" data-id=\"5bca628e\" data-element_type=\"container\">\n\t\t\t\t\t<div class=\"e-con-inner\">\n\t\t\t\t<div class=\"elementor-element elementor-element-778a5226 elementor-widget elementor-widget-text-editor\" data-id=\"778a5226\" data-element_type=\"widget\" data-widget_type=\"text-editor.default\">\n\t\t\t\t<div class=\"elementor-widget-container\">\n\t\t\t\t\t\t\t\t\t<h3><strong>A kov\u00e1sz meg az \u00edzes\u00edt\u0151 s\u00f3 \u2013 Buda\u00f6rsi Sz\u00e9kely K\u00f6r<\/strong><\/h3><p><em>A bar\u00e1ti k\u00f6r kialakul\u00e1sa mondhatni t\u00f6rv\u00e9nyszer\u0171 volt, hiszen rengeteg volt a k\u00f6z\u00f6s pont. Nemcsak az, hogy mindannyian Sz\u00e9kelyf\u00f6ldr\u0151l \u00e9rkeztek valamikor \u00e9s telepedtek le Buda\u00f6rs\u00f6n. K\u00f6z\u00f6s volt a hit benn\u00fck abban is , hogy \u00fagy gondolt\u00e1k, minden j\u00f3t, amit Isten adott nekik, azt a sz\u00e1mukra nemes \u00fcgyek seg\u00edt\u00e9s\u00e9vel tudj\u00e1k megszolg\u00e1lni. Azt\u00e1n elj\u00f6tt a pillanat, amikor egy\u00e9rtelm\u0171v\u00e9 v\u00e1lt sz\u00e1mukra, e tev\u00e9kenys\u00e9g\u00fcket \u00fagy tudj\u00e1k a leghat\u00e9konyabban folytatni, ha egyes\u00edtik er\u0151iket. \u00cdgy j\u00f6tt l\u00e9tre a Buda\u00f6rsi Sz\u00e9kely K\u00f6r egyes\u00fclet.<\/em><\/p><p>A j\u00f3 \u00fcgyeket arr\u00f3l lehet felismerni, hogyha gy\u0151zedelmeskednek, akkor nincsenek vesztesek! Ilyen a Buda\u00f6rsi Sz\u00e9kely K\u00f6r \u00fcgye is.<\/p><p>K\u00e9t \u00e9vvel ezel\u0151tt fogalmaz\u00f3dott meg benn\u00fcnk az elsz\u00e1n\u00e1s, hogy fogjuk keretbe a v\u00e1rosban \u00e9l\u0151, a t\u00e1rsadalomba m\u00e1r be\u00e1gyaz\u00f3dott, er\u0151s identit\u00e1ssal \u00e9s Isten dics\u0151s\u00e9g\u00e9n szolg\u00e1lattal elh\u00edvott \u00e9s elh\u00edvatott csapatot. Poroljuk le a z\u00e1szl\u00f3nkat, terelj\u00fck egys\u00e9gbe a tenni akar\u00e1st \u00e9s voltak\u00e9ppen ugyanazt tegy\u00fck, mint eddig, csak szervezetten, egyes\u00fcletk\u00e9nt.<\/p><p>A 96-ik \u00e9v\u00e9ben j\u00e1r\u00f3, tiszteletbeli tagunkt\u00f3l tudtuk meg, hogy sok nagy el\u0151d m\u00e1r pr\u00f3b\u00e1lkozott hasonl\u00f3 tervvel, de nem j\u00e1rtak sikerrel. \u00cdgy nek\u00fcnk adatott meg, hogy v\u00e1rosunkban z\u00e1szl\u00f3t bontva \u00e9s megszentelve, \u00e1ld\u00e1st k\u00e9rj\u00fcnk az egyes\u00fclet c\u00e9ljaira. H\u00e1l\u00e1s sz\u00edvvel k\u00f6sz\u00f6nj\u00fck meg itt is a buda\u00f6rsi felekezetek vezet\u0151-lelk\u00e9szeinek, hogy els\u0151 h\u00edv\u00e1sra elfogadt\u00e1k a felk\u00e9r\u00e9st \u00e9s a szolg\u00e1latot. Ennek m\u00e1r egy esztendeje, az\u00f3ta m\u00e1r k\u00e9tszer kicser\u00e9lt\u00fck a felvont lobog\u00f3nkat a katolikus templomkertben.<\/p><p>Programunk megval\u00f3s\u00edt\u00e1s bizonyos ter\u00fcleteken \u00f6les l\u00e9ptekkel halad \u2013 a sz\u00f3rv\u00e1nyban m\u0171k\u00f6d\u0151 B\u00e1stya Alap\u00edtv\u00e1nyon kereszt\u00fcl seg\u00edtj\u00fck az ott emberfeletti helyt\u00e1ll\u00f3kat \u2013 nagy csapattal jelen vagyunk a telep\u00fcl\u00e9s\u00fcnk takar\u00edt\u00e1s\u00e1ban, szem\u00e9tszed\u0151 akci\u00f3kban, a sz\u00e9kelys\u00e9gnek fontos megeml\u00e9kez\u00e9seken \u00e9s \u00fcnneps\u00e9geken akt\u00edvan r\u00e9szt vesz\u00fcnk, kal\u00e1k\u00e1kat szervez\u00fcnk, h\u00e9tv\u00e9genk\u00e9nt k\u00f6z\u00f6sen focizunk a nevel\u0151 otthonok ifjaival. Egy emberk\u00e9nt mozdultunk az Ukrajn\u00e1b\u00f3l menek\u00fcltek megseg\u00edt\u00e9s\u00e9ben, az adom\u00e1nyok gy\u0171jt\u00e9s\u00e9ben \u00e9s pakol\u00e1s\u00e1ban. Ezen fel\u00fcl sok helyi esem\u00e9nyben vagyunk a kov\u00e1sz \u00e9s \u00edzes\u00edt\u0151 s\u00f3. Ezeket a val\u00f3di eredm\u00e9nyekkel j\u00e1r\u00f3 tev\u00e9kenys\u00e9geket bizonyosan folytatni kell. Ugyanilyen bizonyosan meg kell vizsg\u00e1lnunk, hogy hol kell nyitni, esetleg v\u00e1ltoztatni, \u00fagy, hogy a Krisztus-k\u00f6zpont\u00fa alapokb\u00f3l nem enged\u00fcnk. Szerint\u00fcnk egy j\u00f3l m\u0171k\u00f6d\u0151 egyes\u00fcletnek az a titka, hogy soha nem magunkat fitogtatva, hanem az \u00fcdv\u00f6z\u00edt\u0151 c\u00e9lt j\u00f3l f\u00f3kusz\u00e1lva szabad v\u00e9gezni a szolg\u00e1latot. Az eszk\u00f6zeinkre, mint az \u00e9let\u00fcnkre, nyelv\u00fcnkre, kult\u00far\u00e1nkra, hagyom\u00e1nyainkra Isten adom\u00e1nyak\u00e9nt tekint\u00fcnk \u00e9s ha belegondolunk ezekb\u0151l az aj\u00e1nd\u00e9kokb\u00f3l tudunk tov\u00e1bb adom\u00e1nyozni. H\u00e1l\u00e1val telik meg sz\u00edvem, ha visszaeml\u00e9kezek a \u201eb\u00e1sty\u00e1s\u201d gyerekekkel k\u00f6z\u00f6sen elt\u00f6lt\u00f6tt id\u0151kre, a sok \u00f6r\u00f6mt\u0151l csillog\u00f3 szemp\u00e1rra, boldog tekintetekre. Hasonl\u00f3an h\u00e1l\u00e1s vagyok a helyi k\u00f6z\u00f6s f\u0151z\u00e9sekre, kolb\u00e1szt\u00f6lt\u00e9sre, k\u00fcrt\u00f6s-kal\u00e1cs s\u00fct\u00e9sre \u00e9s n\u00f3t\u00e1z\u00e1sokra. Nemr\u00e9giben, a sz\u00fclet\u00e9snapunkat \u00fcnnepl\u0151 tal\u00e1lkoz\u00f3nkon m\u00e9g egy t\u00e1rogat\u00f3 is el\u0151ker\u00fclt, sz\u00edvmelenget\u0151 \u00e9rz\u00e9s volt, ahogy mes\u00e9lni kezdett. Igen, mert ezek igaz t\u00f6rt\u00e9netek, \u00e1t\u00e9lve, elmes\u00e9lve, meghallgatva. Valahol ez is az egyes\u00fclet\u00fcnk saj\u00e1toss\u00e1ga, hogy nem ragad bele \u00f6nmag\u00e1ba, hanem k\u00e9pes kitekinteni. Nagy sz\u00fcks\u00e9g is van erre, hogy a f\u00f6ldh\u00f6z tapadt gondolkod\u00e1s hat\u00e1rait a v\u00e9gtelens\u00e9g mennyei t\u00e1rlat\u00e1ig pr\u00f3b\u00e1ljuk emelni. Mindent \u00fagy, hogy a Teremt\u0151t dics\u00e9rj\u00fck a teremtett vil\u00e1g v\u00e9gtelens\u00e9g\u00e9\u00e9rt.<\/p>\t\t\t\t\t\t\t\t<\/div>\n\t\t\t\t<\/div>\n\t\t\t\t\t<\/div>\n\t\t\t\t<\/div>\n\t\t\t\t<\/div>\n\t\t","protected":false},"excerpt":{"rendered":"<p>A kov\u00e1sz meg az \u00edzes\u00edt\u0151 s\u00f3 \u2013 Buda\u00f6rsi Sz\u00e9kely K\u00f6r A bar\u00e1ti k\u00f6r kialakul\u00e1sa mondhatni t\u00f6rv\u00e9nyszer\u0171 volt, hiszen rengeteg volt a k\u00f6z\u00f6s pont. Nemcsak az, hogy mindannyian Sz\u00e9kelyf\u00f6ldr\u0151l \u00e9rkeztek valamikor \u00e9s telepedtek le Buda\u00f6rs\u00f6n. K\u00f6z\u00f6s volt a hit benn\u00fck abban is , hogy \u00fagy gondolt\u00e1k, minden j\u00f3t, amit Isten adott nekik, azt a sz\u00e1mukra nemes \u00fcgyek seg\u00edt\u00e9s\u00e9vel tudj\u00e1k megszolg\u00e1lni. Azt\u00e1n elj\u00f6tt a pillanat, amikor egy\u00e9rtelm\u0171v\u00e9 v\u00e1lt sz\u00e1mukra, e tev\u00e9kenys\u00e9g\u00fcket \u00fagy tudj\u00e1k a leghat\u00e9konyabban folytatni, ha egyes\u00edtik er\u0151iket. \u00cdgy j\u00f6tt l\u00e9tre a Buda\u00f6rsi Sz\u00e9kely K\u00f6r egyes\u00fclet. A j\u00f3 \u00fcgyeket arr\u00f3l lehet felismerni, hogyha gy\u0151zedelmeskednek, akkor nincsenek vesztesek! Ilyen a Buda\u00f6rsi Sz\u00e9kely K\u00f6r \u00fcgye is. K\u00e9t \u00e9vvel ezel\u0151tt fogalmaz\u00f3dott meg benn\u00fcnk az elsz\u00e1n\u00e1s, hogy fogjuk keretbe a v\u00e1rosban \u00e9l\u0151, a t\u00e1rsadalomba m\u00e1r be\u00e1gyaz\u00f3dott, er\u0151s identit\u00e1ssal \u00e9s Isten dics\u0151s\u00e9g\u00e9n szolg\u00e1lattal elh\u00edvott \u00e9s elh\u00edvatott csapatot. Poroljuk le a z\u00e1szl\u00f3nkat, terelj\u00fck egys\u00e9gbe a tenni akar\u00e1st \u00e9s voltak\u00e9ppen ugyanazt tegy\u00fck, mint eddig, csak szervezetten, egyes\u00fcletk\u00e9nt. A 96-ik \u00e9v\u00e9ben j\u00e1r\u00f3, tiszteletbeli tagunkt\u00f3l tudtuk meg, hogy sok nagy el\u0151d m\u00e1r pr\u00f3b\u00e1lkozott hasonl\u00f3 tervvel, de nem j\u00e1rtak sikerrel. \u00cdgy nek\u00fcnk adatott meg, hogy v\u00e1rosunkban z\u00e1szl\u00f3t bontva \u00e9s megszentelve, \u00e1ld\u00e1st k\u00e9rj\u00fcnk az egyes\u00fclet c\u00e9ljaira. H\u00e1l\u00e1s sz\u00edvvel k\u00f6sz\u00f6nj\u00fck meg itt is a buda\u00f6rsi felekezetek vezet\u0151-lelk\u00e9szeinek, hogy els\u0151 h\u00edv\u00e1sra elfogadt\u00e1k a felk\u00e9r\u00e9st \u00e9s a szolg\u00e1latot. Ennek m\u00e1r egy esztendeje, az\u00f3ta m\u00e1r k\u00e9tszer kicser\u00e9lt\u00fck a felvont lobog\u00f3nkat a katolikus templomkertben. Programunk megval\u00f3s\u00edt\u00e1s bizonyos ter\u00fcleteken \u00f6les l\u00e9ptekkel halad \u2013 a sz\u00f3rv\u00e1nyban m\u0171k\u00f6d\u0151 B\u00e1stya Alap\u00edtv\u00e1nyon kereszt\u00fcl seg\u00edtj\u00fck az ott emberfeletti helyt\u00e1ll\u00f3kat \u2013 nagy csapattal jelen vagyunk a telep\u00fcl\u00e9s\u00fcnk takar\u00edt\u00e1s\u00e1ban, szem\u00e9tszed\u0151 akci\u00f3kban, a sz\u00e9kelys\u00e9gnek fontos megeml\u00e9kez\u00e9seken \u00e9s \u00fcnneps\u00e9geken akt\u00edvan r\u00e9szt vesz\u00fcnk, kal\u00e1k\u00e1kat szervez\u00fcnk, h\u00e9tv\u00e9genk\u00e9nt k\u00f6z\u00f6sen focizunk a nevel\u0151 otthonok ifjaival. Egy emberk\u00e9nt mozdultunk az Ukrajn\u00e1b\u00f3l menek\u00fcltek megseg\u00edt\u00e9s\u00e9ben, az adom\u00e1nyok gy\u0171jt\u00e9s\u00e9ben \u00e9s pakol\u00e1s\u00e1ban. Ezen fel\u00fcl sok helyi esem\u00e9nyben vagyunk a kov\u00e1sz \u00e9s \u00edzes\u00edt\u0151 s\u00f3. Ezeket a val\u00f3di eredm\u00e9nyekkel j\u00e1r\u00f3 tev\u00e9kenys\u00e9geket bizonyosan folytatni kell. Ugyanilyen bizonyosan meg kell vizsg\u00e1lnunk, hogy hol kell nyitni, esetleg v\u00e1ltoztatni, \u00fagy, hogy a Krisztus-k\u00f6zpont\u00fa alapokb\u00f3l nem enged\u00fcnk. Szerint\u00fcnk egy j\u00f3l m\u0171k\u00f6d\u0151 egyes\u00fcletnek az a titka, hogy soha nem magunkat fitogtatva, hanem az \u00fcdv\u00f6z\u00edt\u0151 c\u00e9lt j\u00f3l f\u00f3kusz\u00e1lva szabad v\u00e9gezni a szolg\u00e1latot. Az eszk\u00f6zeinkre, mint az \u00e9let\u00fcnkre, nyelv\u00fcnkre, kult\u00far\u00e1nkra, hagyom\u00e1nyainkra Isten adom\u00e1nyak\u00e9nt tekint\u00fcnk \u00e9s ha belegondolunk ezekb\u0151l az aj\u00e1nd\u00e9kokb\u00f3l tudunk tov\u00e1bb adom\u00e1nyozni. H\u00e1l\u00e1val telik meg sz\u00edvem, ha visszaeml\u00e9kezek a \u201eb\u00e1sty\u00e1s\u201d gyerekekkel k\u00f6z\u00f6sen elt\u00f6lt\u00f6tt id\u0151kre, a sok \u00f6r\u00f6mt\u0151l csillog\u00f3 szemp\u00e1rra, boldog tekintetekre. Hasonl\u00f3an h\u00e1l\u00e1s vagyok a helyi k\u00f6z\u00f6s f\u0151z\u00e9sekre, kolb\u00e1szt\u00f6lt\u00e9sre, k\u00fcrt\u00f6s-kal\u00e1cs s\u00fct\u00e9sre \u00e9s n\u00f3t\u00e1z\u00e1sokra. Nemr\u00e9giben, a sz\u00fclet\u00e9snapunkat \u00fcnnepl\u0151 tal\u00e1lkoz\u00f3nkon m\u00e9g egy t\u00e1rogat\u00f3 is el\u0151ker\u00fclt, sz\u00edvmelenget\u0151 \u00e9rz\u00e9s volt, ahogy mes\u00e9lni kezdett. Igen, mert ezek igaz t\u00f6rt\u00e9netek, \u00e1t\u00e9lve, elmes\u00e9lve, meghallgatva. Valahol ez is az egyes\u00fclet\u00fcnk saj\u00e1toss\u00e1ga, hogy nem ragad bele \u00f6nmag\u00e1ba, hanem k\u00e9pes kitekinteni. Nagy sz\u00fcks\u00e9g is van erre, hogy a f\u00f6ldh\u00f6z tapadt gondolkod\u00e1s hat\u00e1rait a v\u00e9gtelens\u00e9g mennyei t\u00e1rlat\u00e1ig pr\u00f3b\u00e1ljuk emelni. Mindent \u00fagy, hogy a Teremt\u0151t dics\u00e9rj\u00fck a teremtett vil\u00e1g v\u00e9gtelens\u00e9g\u00e9\u00e9rt.<\/p>\n","protected":false},"author":1,"featured_media":0,"parent":0,"menu_order":0,"comment_status":"closed","ping_status":"closed","template":"","meta":{"site-sidebar-layout":"default","site-content-layout":"","ast-site-content-layout":"","site-content-style":"default","site-sidebar-style":"default","ast-global-header-display":"","ast-banner-title-visibility":"","ast-main-header-display":"","ast-hfb-above-header-display":"","ast-hfb-below-header-display":"","ast-hfb-mobile-header-display":"","site-post-title":"disabled","ast-breadcrumbs-content":"","ast-featured-img":"","footer-sml-layout":"","theme-transparent-header-meta":"","adv-header-id-meta":"","stick-header-meta":"","header-above-stick-meta":"","header-main-stick-meta":"","header-below-stick-meta":"","astra-migrate-meta-layouts":"default","ast-page-background-enabled":"default","ast-page-background-meta":{"desktop":{"background-color":"var(--ast-global-color-4)","background-image":"","background-repeat":"repeat","background-position":"center center","background-size":"auto","background-attachment":"scroll","background-type":"","background-media":"","overlay-type":"","overlay-color":"","overlay-opacity":"","overlay-gradient":""},"tablet":{"background-color":"","background-image":"","background-repeat":"repeat","background-position":"center center","background-size":"auto","background-attachment":"scroll","background-type":"","background-media":"","overlay-type":"","overlay-color":"","overlay-opacity":"","overlay-gradient":""},"mobile":{"background-color":"","background-image":"","background-repeat":"repeat","background-position":"center center","background-size":"auto","background-attachment":"scroll","background-type":"","background-media":"","overlay-type":"","overlay-color":"","overlay-opacity":"","overlay-gradient":""}},"ast-content-background-meta":{"desktop":{"background-color":"var(--ast-global-color-5)","background-image":"","background-repeat":"repeat","background-position":"center center","background-size":"auto","background-attachment":"scroll","background-type":"","background-media":"","overlay-type":"","overlay-color":"","overlay-opacity":"","overlay-gradient":""},"tablet":{"background-color":"var(--ast-global-color-5)","background-image":"","background-repeat":"repeat","background-position":"center center","background-size":"auto","background-attachment":"scroll","background-type":"","background-media":"","overlay-type":"","overlay-color":"","overlay-opacity":"","overlay-gradient":""},"mobile":{"background-color":"var(--ast-global-color-5)","background-image":"","background-repeat":"repeat","background-position":"center center","background-size":"auto","background-attachment":"scroll","background-type":"","background-media":"","overlay-type":"","overlay-color":"","overlay-opacity":"","overlay-gradient":""}},"footnotes":""},"class_list":["post-31","page","type-page","status-publish","hentry"],"_links":{"self":[{"href":"https:\/\/budaorsiszekelykor.hu\/fooldal\/wp-json\/wp\/v2\/pages\/31","targetHints":{"allow":["GET"]}}],"collection":[{"href":"https:\/\/budaorsiszekelykor.hu\/fooldal\/wp-json\/wp\/v2\/pages"}],"about":[{"href":"https:\/\/budaorsiszekelykor.hu\/fooldal\/wp-json\/wp\/v2\/types\/page"}],"author":[{"embeddable":true,"href":"https:\/\/budaorsiszekelykor.hu\/fooldal\/wp-json\/wp\/v2\/users\/1"}],"replies":[{"embeddable":true,"href":"https:\/\/budaorsiszekelykor.hu\/fooldal\/wp-json\/wp\/v2\/comments?post=31"}],"version-history":[{"count":28,"href":"https:\/\/budaorsiszekelykor.hu\/fooldal\/wp-json\/wp\/v2\/pages\/31\/revisions"}],"predecessor-version":[{"id":523,"href":"https:\/\/budaorsiszekelykor.hu\/fooldal\/wp-json\/wp\/v2\/pages\/31\/revisions\/523"}],"wp:attachment":[{"href":"https:\/\/budaorsiszekelykor.hu\/fooldal\/wp-json\/wp\/v2\/media?parent=31"}],"curies":[{"name":"wp","href":"https:\/\/api.w.org\/{rel}","templated":true}]}}